 - (13 + -7) - -16.
-11
What is -3 - (21 - 42 - -14)?
4
3 + (25 + -6 + -8 - 10)
4
What is the value of -174 + 189 + -26 + 0?
-11
What is -53 - -60 - (0 + 15)?
-8
0 + 6 - (17 + (-6 - (1 + -4)))
-8
Evaluate 7 + -9 + 8 + 0 + -5.
1
What is the value of 0 + (17 - (47 - 4))?
-26
Calculate 11 + -4 - 14 - -7 - 10.
-10
Evaluate -4 + (6 - -1) - (-24 + 21).
6
Calculate 249 + -250 - (0 + 3).
-4
What is -16 + (-15 - 15) - -29?
-17
What is (7 - (2 + 24 + 4)) + 9?
-14
(-20 - -19 - (5 - 0)) + (2 - -3)
-1
(3 - -1) + (-3 - -1) - (348 - 358)
12
What is the value of -2 - (1 + -4 + (-3 - 1 - 10))?
15
Evaluate -2 - -2 - -4 - (-4 - (31 - 26)).
13
What is the value of -1 + (-4 - (-5 + 2 + 0 + 7))?
-9
Calculate -11 + (-11 - (-26 + 18 - -15)).
-29
(-8 + 1 - (9 + 1)) + 2
-15
Evaluate -80 + 89 + -1 + 1 + 17.
26
What is -80 + 61 - (12 + (-2 + -3 - -4))?
-30
-7 - (14 + -4 + -4) - -8
-5
Evaluate -13 - (-14 + 0) - 12.
-11
What is the value of 5 - (28 + (-10 - (-8 + (4 - 8))))?
-25
Evaluate (-8 - (5 - 9)) + (-3 - 9).
-16
(-4 - (3 + -8 + 0)) + (-27 - -13)
-13
What is the value of (12 - 16) + 0 + -2 + 13 + -15?
-8
(-13 - (-5 + 4)) + 10
-2
What is the value of (25 - 8 - 45) + 16?
-12
Calculate -8 + (-4 - 9) + 10 + 5.
-6
What is the value of 7 + 2 + 0 + (-24 - -16)?
1
Evaluate -55 + (26 - 22) - -34.
-17
What is the value of 5 + 32 + -19 + -16?
2
(-143 - -149) + (4 - 12 - (4 - 7))
1
-1 - 0 - (3 + -3 + -10 + 17)
-8
What is the value of 17 + 6 + -6 + -8 - 34?
-25
-17 + -1 - ((-1 - 17) + 12)
-12
Calculate (12 + 9 - 7) + -7 - 3.
4
What is -1 + -5 - 5 - -24?
13
-20 - (-7 - 10) - 3
-6
214 - 207 - (0 + (7 - 3))
3
Calculate 12 - ((-2 - 25) + -11 + 4 + 14).
32
What is (4 - -2) + (18 + 1 - (-44 - -52))?
17
Calculate 17 + -8 + -1 + -20.
-12
(-1 + 22 + -6 - 1) + -3
11
Calculate 1024 + -1041 + (-1 - (1 - 3)).
-16
What is (16 - 18) + 20 + -5?
13
Calculate -6 + 6 - (11 - (9 - 6)).
-8
-251 - -302 - (0 + 28)
23
Calculate -7 - 0 - (1 + -4 + -7).
3
Evaluate 3 + (4 - 2) + 0 - (15 + 1).
-11
(9 - -1) + -8 + 8 - (20 - 30)
20
What is 8 + 0 + -9 + -7?
-8
Evaluate 318 + -298 + -39 + 2.
-17
What is -8 - -1 - (219 - 217)?
-9
Calculate 0 + 7 - (672 + -686).
21
1 + -18 + 6 + (-6 - (10 + -8))
-19
What is 2 - (10 + 7 + -2)?
-13
3 - (-7 + 5 + 7) - 0 - 7
-9
Evaluate -9 - ((2 - (-2 + 8)) + 19).
-24
What is -3 + -33 + -4 + 2 + -9 + 5?
-42
Calculate 13 + -21 + 5 - 9.
-12
What is 30 + 12 + -5 + -14?
23
-4 + (2 - 10 - (0 + -5))
-7
Evaluate (-2 - -7) + -52 + 33.
-14
Calculate -24 + 43 + -3 + -30.
-14
Evaluate -9 - (-2 + (7 - 5) + -9).
0
Evaluate (4 - 1 - (9 + 0)) + -11.
-17
-3 - 7 - (-1 + -6 + (24 - 16))
-11
Evaluate -1 + 9 + 0 + -4 + 5 + -1.
8
Calculate -7 - -13 - (3 + 3 + -3) - 1.
2
What is -6 + (-1 - -6) - -3?
2
What is the value of -3 - (-12 + 5 + 8) - (0 - -6)?
-10
What is the value of -14 - (-48 + 2 - (-29 - -10))?
13
Evaluate 2 + (11 - (2 + 17)) + 15 + -1.
8
Calculate 41 + (-22 - (57 - 3)).
-35
Evaluate (21 - 0) + 7 - 14.
14
Evaluate 26 - (-33 - -27) - (-2 + 20).
14
Evaluate -7 + (-6 - 7) - -20.
0
What is -22 + 30 + (-28 - (-3 + 2))?
-19
What is 5 + (8 - 10 - -2 - (3 - 10))?
12
Evaluate -1 + (2 + 0 - 18) + 17.
0
What is -4 + (7 - 6) + (12 - -15)?
24
What is (-37 - -33) + -1 + 4 + 14 + -2?
11
Evaluate -8 - (-14 + 7 + (-1 - -2)).
-2
Calculate (-9 - -10 - (-2 - -7)) + -2 + -7.
-13
What is 22 + -28 + -1 - ((3 - 3) + 12)?
-19
Evaluate 7 + -2 + -7 + 3 + 3 - -9.
13
What is the value of (32 - 13) + -22 + (-1 - 1)?
-5
What is -19 - (-15 - 1) - ((-6 - 13) + -2)?
18
What is the value of -19 + (11 - 10) + 12?
-6
What is 9 - 22 - (-23 - (4 - 18))?
-4
Evaluate (-17 - -13) + 4 + (-2 - (0 + -20)).
18
What is 38 + -82 + 41 - -6?
3
What is 3 + 21 + (-12 - 0)?
12
Evaluate 21 - ((-7 + 1 - 2) + 13 + -1).
17
What is the value of 5 - (6 - 3) - (-30 - -15)?
17
What is -14 + 8 + 0 + (9 - (-2 - -5))?
0
What is -2 + 9 + 1 + -2 - (-145 - -161)?
-10
Evaluate -11 + 28 - (-1 + 18).
0
What is the value of 3 - (2 + -7) - ((-1 - 3) + 1)?
11
What is the value of (-13 - (-8 - -2)) + 7 + 12 + 0?
12
What is the value of -1 - ((1 - 5 - 1) + (-2 - -15))?
-9
-41 + (74 - (75 + -36))
-6
Calculate (59 - 37) + -32 + 21.
11
What is the value of (-2 - 6 - -9 - 0) + 10?
11
2 + 0 + -14 + 12 + -7
-7
8 - 49 - (3 - 26) - (7 + 1)
-26
Calculate (-26 - (-73 + 26)) + -44.
-23
Evaluate 10 + 43 + -62 - (1 - 18).
8
Calculate -5 - (-15 + ((3 - 5) + 1 - 3)).
14
9 - (18 + -17 + 5)
3
Evaluate 2 + (10 - 1) + 163 + -166.
8
What is (-2 + (-3 + 3 - 0) - -3) + -7?
-6
What is -19 + (-18 - (13 + -45))?
-5
Evaluate (-13 - -7) + -5 + 1 + 18.
8
Evaluate -225 - -175 - (-1 + -37).
-12
-1562 + 1583 - (43 + -2)
-20
What is the value of -14 + (-5 - -27 - 2)?
6
Calculate 2 + 4 + -1 + (2 - -7) - -8.
22
Calculate (-1 - 3) + (4 - 25) + 14.
-11
-4 - ((3 - 1 - (-13 - -9)) + -2)
-8
Calculate -14 + 7 + -2 + (8 - 2) - -2.
-1
(3 - 50) + 9 + 36
-2
Evaluate 56 + -42 - (3 - -5).
6
Calculate 24 + (-1 - 11) + -9 - -1 - -8.
12
What is (0 - -23) + -1874 + 1854?
3
(-45 + 28 - -5) + -11
-23
What is 6 - (-2 + 0) - (355 - 358)?
11
What is the value of 2 - (-10 + 2 + 1 + 6)?
3
What is 7 + (12 - (8 + -2)) + -8 - 1?
4
Calculate (2 - 4) + -21 + -12 + 22.
-13
Evaluate (21 - 2) + (-35 - -9).
-7
What is (-9 + 8 + 1 + 6 - -3) + -14?
-5
Calculate (-12 - (7 - 1)) + 14.
-4
-549 + 533 - (-37 + 0)
21
Calculate -1 - -19 - (-6 - (-6 - (0 - -3))).
15
Calculate (9 - (-8 - -37)) + 12.
-8
What is 7 + 36 + -43 + (0 - (2 + 4))?
-6
Calculate (-1 + 27 - 7) + (-8 - (3 - 10)).
18
(-11 - 3) + -2 + 6 + -5
-15
Calculate -9 - (-7 + 1 + 1 + -1).
-3
What is the value of -7 + -27 + 1 + 21?
-12
What is the value of -4 + (53 + -48 - (23 - (-1 + 2)))?
-21
Calculate (-32 - -2) + (31 - -5).
6
Calculate (0 - 0) + (-3 - -5) + 7 + -36.
-27
-6 + -14 - (-7 - (-8 + 9))
-12
What is the value of -15 + (-11 - -21) + 1 + (-9 - -1)?
-12
What is the value of -17 - (-22 + 6) - (-1 - -2)?
-2
Evaluate 9 + 3 - 18 - (-10 + -3).
7
Evaluate 23 + -11 - 2 - 13.
-3
Calculate -3 + ((1 - 8) + 6 - -4).
0
Evaluate (3 - 0) + -7 + (-35 - (-73 - -40)).
-6
What is the value of 2 - 1 - (9 + 9 + (-31 - -2))?
12
What is the value of (-42 - -47) + (9 + -10 - (1 - 2))?
5
Evaluate (4 - (-5 + 54) - -4) + 15.
-26
4 - -1 - ((-1 - 5 - -14) + 5)
-8
Calculate ((-3 - 0) + 0 - -5) + 3 + -2.
3
What is the value of 9 - (1 + 0 + 34 - (1260 + -1254))?
-20
Evaluate (-12 - -26 - 15) + -9 + -2.
-12
284 + -270 + (0 - 2)
12
(-12 + 12 - (-4 - -2)) + 8
10
What is the value of -33 + (5 - (-8 - (-3 - 10 - -4)))?
-29
-33 + 25 + -10 - -2
-16
What is -18 + (-11 + 14 + 5 - (0 - 1))?
-9
What is the value of (-35 - -42) + (-16 + 0 - -3) + -4?
-10
What is 1 - ((1 - 10) + -4 + -9 + 19)?
4
What is the value of -15 - -1 - (6 - 16 - (-13 + 1))?
-16
10 + 0 + 13 + 6
29
Calculate 4 - (25 + (6 + -7 - -1)).
-21
Evaluate 3 - -1 - (-21 - -22) - -1.
4
What is -6 + 4 + (5 - -9 - 24)?
-12
Evaluate 8 + (8 - 1) - (6 + (2 - 5)).
12
What is -11 - (-12 + 13 - 24)?
12
Evaluate (4 - -1) + (-7 - (2 - 19)) + -4.
11
Calculate -4 + 1 + 9 + (26 + -46 - 3).
-17
What is -1 + 32 + (-250 - -243)?
24
What is the value of (20 - 20) + (1 - -8) + -31 + 38?
16
What is the value of (-10 - (2 + 1)) + -4 - (13 + -18)?
-12
Calculate -26 + 14 + 24 + -2 + -1.
9
Evaluate 92 - 90 - ((-3 - 0) + -1) - -6.
12
Evaluate (-14 + 5 - -9) + (2 + -6 - -2).
-2
Evaluate (-5 - (-15 + 19 - 4)) + 2 + 21.
18
What is the value of -5 - (6 + 8 - 27)?
8
What is the value of -42 + (-21 - (-83 + 34))?
-14
Calculate 19 + 23 + -2 + -26.
14
Evaluate 38 - (32 - (-29 + -10)).
-33
(-4 - (-4 + 3)) + (10 - 8) + -3
-4
What is the value of 0 - (13 - (-10 + 17 + 3))?
-3
What is 22 + -40 + 15 + -9?
-12
Evaluate (19 - 13) + 3 + -19 + -2 + -14.
-26
Evaluate 12 + -13 + -22 + -9.
-32
Evaluate -23 - -7 - -3 - -27 - -2.
16
What is the value of -23 + (-40 - -23) - -23?
-17
What is the value of (18 + -11 - (-6 + 6)) + -1 + -4?
2
Evaluate -3 + -1 + (0 - 1) + 22 + -15.
2
What is 3 + 9 + (2 - (-2 - (-2 + 3)))?
17
Evaluate 6 - ((-2 - -3 - 1) + -5 + 18).
-7
What is the value of -22 - (34 - (88 - 21))?
11
Evaluate -8 - -3 - -5 - (35 + -32).
-3
What is the value of -6 + (5 - (-14 + 17))?
-4
Calculate 5 + -5 - (1 + -7 + 12 + -5).
-1
16 + 39 + -76 + 20 + -1
-2
4 + (-6 - -8 - 2)
4
What is the value of 6 - (6 + 2 + -16)?
14
-161 + 181 + -1 + -7
12
Calculate -30 + 5 + 34 + 13.
22
(-8 - 1) + -7 + (43